actors of 3229548?
2, 3, 7, 38447
What are the prime factors of 614817?
3, 7, 3253
What are the prime factors of 869461?
869461
List the prime factors of 624121.
17, 36713
What are the prime factors of 3135825?
3, 5, 7, 11, 181
What are the prime factors of 79120?
2, 5, 23, 43
What are the prime factors of 446569?
446569
What are the prime factors of 3400253?
41, 239, 347
List the prime factors of 365436.
2, 3, 10151
List the prime factors of 1600286.
2, 800143
List the prime factors of 85828.
2, 43, 499
What are the prime factors of 7494983?
73, 83, 1237
What are the prime factors of 293243?
127, 2309
List the prime factors of 1730653.
19, 79, 1153
What are the prime factors of 4745070?
2, 3, 5, 11, 4793
What are the prime factors of 325873?
17, 29, 661
What are the prime factors of 934121?
934121
List the prime factors of 7029040.
2, 5, 41, 2143
What are the prime factors of 821654?
2, 47, 8741
List the prime factors of 722190.
2, 3, 5, 7, 19, 181
What are the prime factors of 1512685?
5, 19, 15923
What are the prime factors of 30696?
2, 3, 1279
List the prime factors of 2613888.
2, 3, 2269
List the prime factors of 642303.
3, 23789
List the prime factors of 181778.
2, 97, 937
What are the prime factors of 4807160?
2, 5, 47, 2557
What are the prime factors of 724356?
2, 3, 19, 353
List the prime factors of 25957930.
2, 5, 2595793
List the prime factors of 609842.
2, 73, 4177
List the prime factors of 1786118.
2, 893059
List the prime factors of 123677.
123677
List the prime factors of 1047111.
3, 13, 26849
List the prime factors of 1339366.
2, 7, 79, 173
List the prime factors of 24286098.
2, 3, 17, 238099
What are the prime factors of 2231237?
1063, 2099
What are the prime factors of 6920177?
11, 631, 997
List the prime factors of 6272657.
127, 49391
List the prime factors of 13405176.
2, 3, 137, 151
List the prime factors of 21526629.
3, 1061, 6763
What are the prime factors of 6224651?
23, 127, 2131
What are the prime factors of 2214610?
2, 5, 221461
List the prime factors of 511336.
2, 7, 23, 397
List the prime factors of 223216.
2, 7, 1993
List the prime factors of 2199126.
2, 3, 366521
List the prime factors of 9213827.
7, 1316261
List the prime factors of 196367.
17, 11551
What are the prime factors of 73388?
2, 7, 2621
What are the prime factors of 2283541?
13, 269, 653
What are the prime factors of 895003?
895003
List the prime factors of 78038.
2, 39019
What are the prime factors of 1750005?
3, 5, 29, 149
List the prime factors of 2849793.
3, 949931
What are the prime factors of 6664061?
53, 125737
What are the prime factors of 108693?
3, 13, 929
What are the prime factors of 13517267?
13517267
What are the prime factors of 26012371?
7, 11, 499, 677
What are the prime factors of 258812?
2, 89, 727
List the prime factors of 6606438.
2, 3, 17, 239, 271
What are the prime factors of 563729?
577, 977
List the prime factors of 62326.
2, 11, 2833
List the prime factors of 13958642.
2, 821, 8501
List the prime factors of 2374741.
499, 4759
What are the prime factors of 7538635?
5, 13, 115979
What are the prime factors of 589259?
11, 53569
What are the prime factors of 1594337?
23, 103, 673
List the prime factors of 2216675.
5, 88667
List the prime factors of 1325120.
2, 5, 41, 101
What are the prime factors of 2918039?
19, 109, 1409
List the prime factors of 1238789.
1238789
List the prime factors of 105218.
2, 52609
List the prime factors of 284051.
284051
What are the prime factors of 5743824?
2, 3, 17, 7039
List the prime factors of 437945.
5, 87589
List the prime factors of 1545892.
2, 163, 2371
What are the prime factors of 129940?
2, 5, 73, 89
List the prime factors of 375934.
2, 13, 19, 761
List the prime factors of 2371555.
5, 474311
What are the prime factors of 154925?
5, 6197
List the prime factors of 6160299.
3, 829, 2477
List the prime factors of 276298.
2, 11, 19, 661
What are the prime factors of 121484?
2, 11, 251
What are the prime factors of 20669?
11, 1879
List the prime factors of 3278705.
5, 17, 2269
List the prime factors of 1314751.
379, 3469
List the prime factors of 18062359.
7, 2580337
What are the prime factors of 2131155?
3, 5, 13, 3643
What are the prime factors of 7410295?
5, 1482059
List the prime factors of 3605137.
283, 12739
List the prime factors of 14707485.
3, 5, 13, 31, 811
List the prime factors of 25426.
2, 12713
What are the prime factors of 171440?
2, 5, 2143
What are the prime factors of 164808?
2, 3, 7, 109
List the prime factors of 2967721.
47, 233, 271
List the prime factors of 4944.
2, 3, 103
List the prime factors of 5918480.
2, 5, 167, 443
List the prime factors of 360307.
360307
What are the prime factors of 1011548?
2, 252887
What are the prime factors of 135479?
135479
List the prime factors of 81089.
131, 619
What are the prime factors of 1372412?
2, 293, 1171
What are the prime factors of 778911?
3, 7, 29, 1279
List the prime factors of 9601311.
3, 17, 188261
What are the prime factors of 1273555?
5, 17, 14983
What are the prime factors of 4968124?
2, 7, 177433
List the prime factors of 7395452.
2, 1848863
What are the prime factors of 7153495?
5, 607, 2357
What are the prime factors of 509501?
29, 17569
List the prime factors of 63667.
63667
List the prime factors of 1493820.
2, 3, 5, 43, 193
What are the prime factors of 5440861?
47, 115763
List the prime factors of 115206.
2, 3, 7, 13, 211
List the prime factors of 7373759.
181, 40739
List the prime factors of 11716634.
2, 5858317
List the prime factors of 134053.
134053
List the prime factors of 10852806.
2, 3, 1808801
List the prime factors of 4748773.
89, 229, 233
What are the prime factors of 5411106?
2, 3, 521, 577
What are the prime factors of 7657366?
2, 3828683
What are the prime factors of 108724?
2, 7, 11, 353
List the prime factors of 21157.
21157
What are the prime factors of 1129290?
2, 3, 5, 37643
What are the prime factors of 1413648?
2, 3, 9817
What are the prime factors of 181613?
193, 941
List the prime factors of 36892.
2, 23, 401
List the prime factors of 2057574.
2, 3, 342929
List the prime factors of 9753313.
31, 314623
What are the prime factors of 11511?
3, 1279
List the prime factors of 3871715.
5, 774343
What are the prime factors of 250965?
3, 5, 11, 13
What are the prime factors of 13303?
53, 251
What are the prime factors of 4695934?
2, 223, 10529
List the prime factors of 2936139.
3, 978713
What are the prime factors of 11060955?
3, 5, 31, 881
What are the prime factors of 18512359?
179, 103421
What are the prime factors of 2731479?
3, 373, 2441
List the prime factors of 896070.
2, 3, 5, 7, 17, 251
What are the prime factors of 964620?
2, 3, 5, 23, 233
What are the prime factors of 1090872?
2, 3, 109, 139
What are the prime factors of 18209143?
37, 181, 2719
List the prime factors of 407611.
71, 5741
What are the prime factors of 1353105?
3, 5, 13, 257
List the prime factors of 52183.
52183
List the prime factors of 890871.
3, 149, 1993
What are the prime factors of 12522174?
2, 3, 7, 397, 751
What are the prime factors of 140353?
19, 83, 89
List the prime factors of 4118148.
2, 3, 17, 2243
What are the prime factors of 13583856?
2, 3, 11, 13, 1979
What are the prime factors of 4133680?
2, 5, 163, 317
List the prime factors of 188193.
3, 62731
List the prime factors of 660823.
29, 22787
List the prime factors of 1393801.
67, 71, 293
What are the prime factors of 376291?
376291
List the prime factors of 20074663.
7, 269, 1523
What are the prime factors of 6436760?
2, 5, 11, 14629
List the prime factors of 274470.
2, 3, 5, 7, 1307
What are the prime factors of 811575?
3, 5, 3607
What are the prime factors of 898541?
7, 23, 5581
List the prime factors of 2862755.
5, 7, 263, 311
What are the prime factors of 4191760?
2, 5, 151, 347
List the prime factors of 1201793.
1201793
What are the prime factors of 5222922?
2, 3, 47, 18521
What are the prime factors of 620342?
2, 37, 83, 101
List the prime factors of 210807.
3, 59, 397
What are the prime factors of 11335430?
2, 5, 17, 131, 509
List the prime factors of 7987381.
1367, 5843
List the prime factors of 464745.
3, 5, 30983
What are the prime factors of 30123380?
2, 5, 7, 103, 2089
What are the prime factors of 21056824?
2, 673, 3911
List the prime facto